v + 7 = v. Let g be y + -4 - (-44 + 8). Suppose 2*l + g = 3*l. What are the prime factors of l?
3, 11
List the prime factors of (-12390)/(-9) + (-2 - 42/(-18)).
3, 17
Let c(x) = 69*x - 40. What are the prime factors of c(7)?
443
Let x = 13 - 11. Suppose -o + 202 = 3*b - 155, -238 = -x*b - o. List the prime factors of b.
7, 17
Let v = 197 + -141. Let j be 312/v + (-6)/(-14). Suppose j - 3 = r. What are the prime factors of r?
3
Let o be -2*(146/(-4) + 0). Suppose -h = 10 + 34. Let s = o + h. What are the prime factors of s?
29
Let h(n) = 0*n + 11 + 0 - 3 - 36*n. List the prime factors of h(-3).
2, 29
Suppose 5*o - 4*o - 452 = 5*j, 2*o = j + 940. What are the prime factors of o?
2, 59
Let d = -226 + 322. Suppose -4*u = 2*w - 162, 3*u - 5*w = 6 + d. Let s = u + -10. List the prime factors of s.
29
Suppose c + 3*c + 12 = -3*s, s = 2*c - 14. List the prime factors of (14 - 26)*(62/s + 0).
3, 31
Let u = 2658 - 1195. What are the prime factors of u?
7, 11, 19
Let b(a) = a**3 + a**2 + 2*a + 7. Let f be b(-7). Suppose 3*t - 108 = 6*z - z, -3*z - 2*t = 61. List the prime factors of (-4)/(-6) + f/z.
3, 5
Suppose 0 = -0*c + 2*c - 12. Let a be 9/c*2/(-3). List the prime factors of (-6)/(a*6/44).
2, 11
Suppose 34 + 296 = 2*r - 4*d, -5*r - 5*d = -810. Let m = r + -86. What are the prime factors of m?
7, 11
Let j(p) = p**2 + 6*p + 9. Let n be j(-6). Let o = 13 - n. What are the prime factors of o/(-8)*-12 + 3?
3
Suppose -2*c = 30 + 18. Let k be (3/(-6))/(4/c). Suppose k*b - 4 = 8. List the prime factors of b.
2
Let h(d) = -d**3 - d**2 + d - 6. Let v(b) = b + 2. Let n be v(-6). List the prime factors of h(n).
2, 19
Let t = 2334 - 924. What are the prime factors of t?
2, 3, 5, 47
Let v = 4 + 0. Suppose 0 = -2*w - q + 27, -w + 2*q - 3 = -v. Suppose 0 = w*u - 16*u + 25. What are the prime factors of u?
5
List the prime factors of 10/(-20)*-1*(1 + 4613).
3, 769
Suppose 3*h = 7*h - b - 13, 0 = -2*b - 10. Suppose 10 = -3*v - h*v. What are the prime factors of 3/((-164)/84 - v)?
3, 7
Let x = -120 + 213. List the prime factors of x.
3, 31
Let o = -993 + 1541. What are the prime factors of o?
2, 137
Let r(n) = 7*n + 11. Let d(k) = -k**3 - 9*k**2 - 10*k + 7 - 9 - 10 + 0*k**3. Let z be d(-8). What are the prime factors of r(z)?
3, 13
Suppose -2660 = -3*m - 5*o, -2*o - 392 - 491 = -m. List the prime factors of m.
3, 5, 59
Suppose 76 = -2*i + 4*i. Suppose i*b - 36*b = 8. Let n(r) = r**3 - r**2 - 4*r - 1. List the prime factors of n(b).
31
Let v = -32 - -31. Let q(r) = 8*r**2 - 2*r - 1. List the prime factors of q(v).
3
Let c(z) = -86*z - 28. List the prime factors of c(-2).
2, 3
Suppose 11454 = 12*f - 16686. List the prime factors of f.
5, 7, 67
Let g(u) = 15*u + 17. Let d(p) = 16*p + 16. Let n(z) = 4*d(z) - 5*g(z). Let c(h) = -5*h - 10. Let l(a) = 13*c(a) - 6*n(a). What are the prime factors of l(10)?
2, 3
Suppose -3*j = -5*k - 4083, -j = -4*k + 691 - 2052. What are the prime factors of j?
1361
Suppose -22*n + 2 = -20*n. Suppose -2*b - n = -3. Suppose b = x - 13. List the prime factors of x.
2, 7
Let x(a) = 46*a - 46. List the prime factors of x(11).
2, 5, 23
Suppose -3*j - u = j - 20, -16 = -2*j - 2*u. Suppose o + 20 = 2*f, -6*f - j*o = -4*f. List the prime factors of 1/(-4) + 106/f.
13
Let c(t) = -t**2 + 4*t + 5 + 2*t**2 + 0*t**2. Let b be (12/(-10))/(-3 + 297/90). List the prime factors of c(b).
5
Let x(z) = 4*z**3 + 3*z**2 - z - 7. Let d be 6/9*3/(-2). Let o(f) = f**3 - f**2 + f. Let g(c) = d*x(c) + 5*o(c). What are the prime factors of g(8)?
5, 11
Let n = -6 - -44. Let o = -36 + n. What are the prime factors of o?
2
Let h(s) = 2*s**2 + 8*s + 12. Let v = -2 + 16. Let a = v + -20. What are the prime factors of h(a)?
2, 3
Let l be 3 + 0 + (3 - -6). Suppose 4*h + l = h. Let v(x) = x**3 + 6*x**2 + 3*x - 2. What are the prime factors of v(h)?
2, 3
Suppose 0 = 2*y - 3*o - 18, -2*y + 10 = -o - 0*o. Suppose y*x - 110 = 4*f, 3*x + 92 = 5*x + 2*f. What are the prime factors of x?
2, 3, 7
Suppose 5*r - l + 109 = 0, r + 38 = 4*l + 1. What are the prime factors of ((-60)/r)/(12/42)?
2, 5
Suppose t = 2*t - 10. Let s(p) = -p**3 + 9*p**2 + 12*p - 8. What are the prime factors of s(t)?
2, 3
Let n(y) = -3*y - 20. Let x be n(-8). Let h(g) = 3*g**2 - g + 2. What are the prime factors of h(x)?
2, 23
Let c(s) = 30*s + 56. List the prime factors of c(10).
2, 89
Suppose 86 = -4*p + 518. Let j = -75 + p. Suppose -3 - j = -4*u. List the prime factors of u.
3
Let u be 10 + -12 - (-64)/(-2). Let n = u + 75. What are the prime factors of n?
41
Let t(d) = 2*d**2 - 43*d + 428. List the prime factors of t(57).
5, 179
Suppose 2303 = 3*t - 5*b, -2353 = -3*t - 16*b + 11*b. What are the prime factors of t?
2, 97
Let o = 590 - -852. List the prime factors of o.
2, 7, 103
Let i = -2 + 6. Suppose i*a + 184 = -3*z + 523, 3*a + 5*z = 268. Let b = 124 - a. What are the prime factors of b?
43
Let i(h) = h**3 - 3*h + 1. Let c be i(4). Suppose j = w + c - 7, -j = 4*w - 41. Suppose -4*l + 24 = 2*v, -3*v + l + j = -19. List the prime factors of v.
2, 5
Let d = 817 - 484. What are the prime factors of d?
3, 37
Suppose 3*k - 2*u + 0*u - 43 = 0, 4*u + 60 = 4*k. Let q = k + 61. Suppose 2*v - q = -26. List the prime factors of v.
2, 3
Suppose 3 = 4*z + 3*r - 20, -3*z + r + 1 = 0. Suppose 0*f = z*f - 10. Let h = f - -14. What are the prime factors of h?
19
Suppose s - 4*n = -0*s + 7, 70 = 4*s + 5*n. Suppose 0 = 17*j - s*j - 264. List the prime factors of j.
2, 3, 11
Suppose -k + 391 = z, -4*z = k - 6*k - 1600. Suppose -2*i = f - z, -7*f + 5*f = -5*i + 1010. List the prime factors of i.
2, 5
Suppose 0 = -2*c + 2, 2*j - 5*c + 2*c = 1207. List the prime factors of j.
5, 11
Let v = -14 + 58. List the prime factors of v/(-66) - (-101)/3.
3, 11
Let j(w) = -w**3 + 6*w**2 - 10. Let y be j(6). Let k = -5 - y. Suppose k*o - 136 = -31. List the prime factors of o.
3, 7
What are the prime factors of 3635/3 + (-22)/198*6?
7, 173
Let m(o) = -o**3 + 13*o**2 + 20*o + 15. What are the prime factors of m(12)?
3, 7, 19
Let k(w) = 4*w + 6 + w - w - 19. Let p be k(7). Let l(o) = o**2 - 13*o - 10. List the prime factors of l(p).
2, 5
Let y = 534 + -214. What are the prime factors of y?
2, 5
Suppose 3*q - 8*q = -10. Suppose q*v + 5*h = 198, 3*v - 5*h + 4*h - 280 = 0. List the prime factors of v.
2, 47
Let g be (-9 + 16)/((-1)/2). Let v = -10 - g. Suppose 9*a - 90 = v*a. What are the prime factors of a?
2, 3
Let x = 1970 + -652. What are the prime factors of x?
2, 659
Suppose d = -5*z + 510, -2*z = 10*d - 11*d + 482. List the prime factors of d.
2, 5, 7
Suppose 5*i - 1570 = -5*k, k + 1889 = 5*i + 289. List the prime factors of i.
11, 29
Let g(d) be the second derivative of -d**5/20 - d**4/2 - d**3/6 - 2*d**2 - 7*d. List the prime factors of g(-6).
2
Suppose 0 = -4*q + 2*o - 10, 5*q + 14 = -4*o - 5. Let u(v) = -2*v. Let f be u(-3). Let h = q + f. What are the prime factors of h?
3
Let n be 12*(4/22 + (-112)/(-231)). Suppose 130 - 530 = -n*s. List the prime factors of s.
2, 5
Suppose 2*t - 223 - 419 = 0. List the prime factors of t.
3, 107
Suppose -5*w - 18 = -43. Suppose 0*j - 4*a - 45 = -3*j, -w*j - 5*a + 110 = 0. List the prime factors of j.
19
Suppose -4*i + 1144 = 16*j - 13*j, -373 = -j - 3*i. What are the prime factors of j?
2, 97
Let t(g) = 5*g - 5. Let j be t(5). Suppose j*z - 312 = 16*z. Let h = z - 34. What are the prime factors of h?
2, 11
Suppose 17*n - 294 = 10*n. What are the prime factors of ((-30)/15)/((-86)/n + 2)?
2, 3, 7
Let l = -10 + 16. Suppose i - 2 = -2*y, y = l*y + 5. What are the prime factors of -2*147/(-6) - i?
3, 5
Let d be (-8)/(-5)*(1 + 14). Suppose 8*t - 39 = 25. Let o = d - t. What are the prime factors of o?
2
Let j(b) = b - 16. Let f be j(10). What are the prime factors of (1407/12 - -2) + f/24?
7, 17
Suppose t = 2*v - 48, 2*t + 18 + 46 = -4*v. Let j = t - -56. What are the prime factors of j?
2
Let t = 9024 + -5485. What are the prime factors of t?
3539
Let f = 71 - 69. Suppose i + m - 159 = 0, -i + f*m + 81 = -66. List the prime factors of i.
5, 31
Suppose -17 + 98 = v. Suppose -v = -9*q + 477. What are the prime factors of q?
2, 31
Let q(b) = -35*b - 7. Let f(g) = -g. Let m be f(3). What are the prime factors of q(m)?
2, 7
Let d = 60 - 42. Suppose -2 - d = -4*l. Suppose 5*m + 32 = q, -l = -4*q + 2*m + 87